*w, 5*m = -w + 5. What is the units digit of (-7)/(-35) + 8/w?
1
Let m = -6 - -8. Let x = 46 - 30. Let t = x - m. What is the units digit of t?
4
Suppose 2*k - 19 + 1 = -2*l, 4*l - 28 = -2*k. Suppose 4*c = -k*v + 52, -v - 28 = -5*c - 71. What is the units digit of v?
8
Suppose -3*k = -5*q + 6, q - k - 1 = 1. Suppose q = -5*g + 18 + 22. What is the units digit of g?
8
Let t = -75 + 298. What is the tens digit of t?
2
Suppose 4*c + 4*h - 280 = 0, 234 = 2*c + c - 3*h. What is the units digit of c?
4
What is the units digit of 2/(-4)*(-520)/4?
5
Suppose 2*r - 21 = 81. Let y = 10 - 7. Suppose y*b = -2*k + r, -5*b + 2*k = 3*k - 92. What is the tens digit of b?
1
Suppose 0 = -3*w - 5*n + 10, -5*n = 3*w - 8*n - 18. What is the units digit of w?
5
What is the tens digit of (-27 + 3)*(-8)/12?
1
Suppose 0 = -3*y - 4*v + 34 + 67, -v = 5*y - 157. What is the tens digit of y?
3
Suppose -5*y + 7 + 8 = 0. What is the units digit of y?
3
Suppose -2*k = k - 3. Let p be k + (-4 - -2) - -4. Suppose 11 = 2*u - p. What is the units digit of u?
7
Suppose -n - 2*o + 63 = 0, o - 5*o - 179 = -3*n. What is the tens digit of n?
6
Let l(a) = 18*a**2 + a. Let t be l(-1). Suppose -5*u + t = -13. What is the units digit of u?
6
Let c = -3 + 1. Let s(k) = 2*k**2 - k. What is the tens digit of s(c)?
1
Suppose -3*j - 2*d = -17, -j - 17 = -0*j - 5*d. Suppose -4 = j*f + 5. What is the units digit of (-116)/(-12) - (-2)/f?
9
Let f(z) = -z**3 + 8*z**2 + 11*z - 6. What is the units digit of f(9)?
2
Suppose 238 = 3*h + 2*h + 2*z, -3*h + 3*z + 147 = 0. What is the tens digit of h?
4
Let q = -13 + 31. What is the units digit of (q/(-15))/(9/(-60))?
8
What is the tens digit of (-385)/(-4) - 1/4?
9
Suppose 4*d + 18 = u, u + 8 = -u - 3*d. Suppose -10 = -4*t + u*t. What is the units digit of t?
5
Let u(d) be the first derivative of -d**4/4 - 2*d**3/3 - d**2/2 - d + 1. What is the tens digit of u(-3)?
1
Let z(y) = -3*y + 3. Let i = -15 + 32. Let k(s) = s - 1. Let n(p) = i*k(p) + 6*z(p). What is the units digit of n(-8)?
9
Let w(k) = -2*k**3 + 3*k**2 + k + 1. What is the units digit of w(-2)?
7
Let q be 6 + (0/1)/2. Let a = 7 - q. What is the units digit of a?
1
Let m(s) be the first derivative of s**2/2 + s - 3. What is the units digit of m(7)?
8
Let c = 15 - 11. Suppose -g = c*g. Suppose g = -2*p - 2*s, 5*p - 1 - 19 = 5*s. What is the units digit of p?
2
Let f = -6 - 3. Let q(t) = -t**2 - 10*t - 10. Let w be q(f). What is the units digit of (-12)/3*w - -1?
5
Let b = -37 - -58. What is the units digit of 141/b + 6/21?
7
Let r be -5 - -1 - -3 - -4. Let u be 1 + 35 + -3 + r. Suppose -o = -4*o + u. What is the units digit of o?
2
Let h = 4 - -29. What is the tens digit of h?
3
Let j(o) = 25*o**3 + o**2 - o + 1. Let t = 3 - 2. What is the tens digit of j(t)?
2
Let m = -30 - 29. Let r = m + 83. What is the units digit of r?
4
Suppose -51 + 11 = -4*i. Let c = -4 + i. What is the units digit of c?
6
Let j = 21 + -6. What is the tens digit of j?
1
Let s = 170 - 83. What is the units digit of s?
7
Let n = 25 + -18. Let f = 22 - n. What is the units digit of f?
5
Let u be (15/4)/((-3)/16). What is the tens digit of 154/8 - (-5)/u?
1
Let y = -5 + 20. What is the units digit of y?
5
Let j = -6 + -4. Let y = 1 - j. What is the tens digit of y?
1
Suppose -4*z + 130 = -0*z + 2*y, z - 2*y = 30. What is the tens digit of z?
3
Let t(u) = u**3 + 11*u**2 - 15*u - 10. What is the tens digit of t(-12)?
2
Let q be 45/6*(-12)/(-10). Let r be 2/9 - 56/q. What is the units digit of ((-16)/12)/(2/r)?
4
Let g(w) = -w + 3 + 0 + 2 + 3. What is the units digit of g(5)?
3
Suppose a = 3*a + 4, 0 = -3*y - 4*a - 41. Let z = -5 - y. What is the units digit of z?
6
Let d = 62 + -30. What is the units digit of d?
2
Suppose -2*w + 12 = 2*w, -934 = -4*a + 2*w. What is the tens digit of a?
3
Let y = 130 - 66. Let b = -38 + y. What is the tens digit of b?
2
Let y(q) = 10*q**3 - 2*q**2 + q. Suppose 5*d = -3*j + 18, -j + 3*j - d + 1 = 0. What is the units digit of y(j)?
9
Suppose 5*w + 35 - 395 = 0. What is the tens digit of w?
7
Let d(h) = 3*h**2 + 7*h - 3. Let w be d(-6). Suppose 0 = 5*c - w - 47. What is the units digit of c?
2
Let h(m) = 2*m + 3. Let i be h(5). Suppose 11 = 4*f - i. Let j(k) = k**2 - 6*k + 7. What is the units digit of j(f)?
7
Suppose 3*s - 8 = -2*s + 2*a, 5*s + 2*a + 8 = 0. Suppose -2*w - 2*w + 20 = s. What is the units digit of w?
5
Let r be (30/(-5))/(0 + -1). Suppose 5*h = 2*h + r. What is the units digit of (-5)/10*(-40)/h?
0
Suppose 15 = t - 45. Let l = t - 41. What is the tens digit of l?
1
Let x be 6/(-5)*390/(-9). Suppose -2*m = -5*t + 64, 4*t - 2*m = -0*m + x. What is the tens digit of t?
1
Let m(d) = d**3 - 11*d**2 - d + 13. Let t be m(11). Let g be (t/6)/((-2)/(-54)). Suppose -2*r + 3 = -g. What is the units digit of r?
6
Let o(r) = -r**3 - 3*r**2 + 3*r - 1. Let k be o(-4). Suppose -3*m + 7 = 3*u - 2, -m + k = -2*u. What is the units digit of m?
3
What is the tens digit of 2/6 + 53/3?
1
Let u(o) = 3*o**2 + 11*o - 9. What is the tens digit of u(5)?
2
What is the tens digit of ((-37)/2)/((-3)/6)?
3
Let h = -53 + 94. What is the units digit of h?
1
Let z be 11 - (2 + 1)/(-3). Let w be (-24)/(-10)*(-40)/z. Let o(v) = -v**3 - 7*v**2 + 6*v - 6. What is the units digit of o(w)?
0
Suppose -4 = -i - 3. Let r be (1/2)/(1/6). Let t = r - i. What is the units digit of t?
2
Suppose 0 = 2*q + 2*q - 12. What is the tens digit of (q + 11)*(0 - -1)?
1
Let s(f) = -5*f - 11. Let j be s(-10). Let m = -21 + j. What is the tens digit of m?
1
Let p = -798 + 488. Let j = -5 - 0. What is the units digit of 2/j - p/25?
2
Suppose 4*n - 14 = 5*v + 35, -38 = -3*n + 5*v. What is the tens digit of (-1*n)/(-4 + 3)?
1
Suppose -2*u + 40 = 5*l - 34, -5*l + 20 = 0. What is the units digit of u?
7
Suppose 2 = -a + 3*a, 0 = 4*k + 2*a - 998. What is the tens digit of k?
4
Let t = 23 - -18. What is the tens digit of t?
4
What is the units digit of ((-50)/(-15))/((-2)/(-36))?
0
Let o be (-1 - 3/(-6))*-10. Suppose 1 - 21 = -o*j. Suppose -2*x = -5*d - 3*x + 41, 4*x + j = d. What is the units digit of d?
8
Suppose -5*n - 1 = c - 4*n, 2*c + 12 = -4*n. Suppose x = c*x - 189. Suppose x = 5*o - 2*f, -5*o - 5*f + 0 + 35 = 0. What is the units digit of o?
1
Suppose 0 = -5*i + u + u + 143, 3*u = -i + 15. What is the units digit of i?
7
Suppose 0 = -b + 2. What is the units digit of b?
2
Let p be 34/(-6) + -1 - 6/(-9). Let f(c) = 7*c - 2. Let a be f(2). Let x = a + p. What is the units digit of x?
6
Suppose q = -3*v + 10, -3*q + 38 = -0*q + v. What is the tens digit of q?
1
Let k be (0 + -2)*-8 + -2. Suppose 4*i + 70 = k. What is the units digit of 8/28 - 66/i?
5
Suppose -l + 7*l - 684 = 0. What is the hundreds digit of l?
1
Let u = 4 - 9. Let t = u - -6. What is the units digit of t?
1
Let v(s) = -s**2 + 6*s - 4. Let c be v(5). Suppose -15 = -4*y + 17. What is the units digit of (c/(-2))/((-2)/y)?
2
Let l be 2*(1/2)/1. Suppose 0 = -0*s + s. Let j = s + l. What is the units digit of j?
1
What is the tens digit of 1*(2 - -12)*1?
1
Suppose -6*d + 40 + 2 = 0. What is the units digit of d?
7
What is the units digit of (-752)/(-14) + (-4)/(-14)?
4
Suppose 2*y = -4*r + 4*y + 16, -3*r = -4*y - 17. Suppose 0*l - 39 = -r*l. Let z = -4 + l. What is the units digit of z?
9
Suppose 3*r - 179 = 109. What is the units digit of r?
6
Let x = 14 + -10. Suppose 2*q - 4*q = 3*j - 57, 5*q - x*j = 177. Suppose -2*o + q = -3. What is the tens digit of o?
1
Suppose -3*k - 2*h + 5*h - 18 = 0, -3*k - h - 22 = 0. Let m(u) = u + 3. Let n be m(13). Let y = n + k. What is the units digit of y?
9
Let v(o) = o**3 + 16*o**2 + 11*o - 3. What is the units digit of v(-7)?
1
Let f(b) = -8 + 2*b - 1 - b + 1. Let w be f(8). Suppose -2*m + 5*y + 60 = 3*m, w = 4*y. What is the units digit of m?
2
Let h(n) = -n**3 + 10*n**2 - 7*n - 6. Let a be (-5)/(-20) - 70/(-8). Let v be h(a). Suppose d + 25 = 3*p, -v = -4*p - 2*d + 8. What is the units digit of p?
7
What is the units digit of (18 - 0)*(-13)/(-3)?
8
Let o be (-3)/(-1) + 0 + 27. Suppose 2*j - 10 = o. What is the units digit of j?
0
Let a be 2/(-12) - 194/(-12). Let k = 28 - a. What is the units digit of k?
2
Suppose 384 = -11*w + 17*w. What is the tens digit of w?
6
Let w(r) = r**2 + r - 4. Let l(u) = u**2 + u - 3. Let j(b) = 3*l(b) - 